**2 - 13*a - 3. Let z = 39 - 28. Let x(g) = z*u(g) + 6*b(g). Calculate x(-6).
-3
Let n(d) = -2*d**2 + 19*d**3 - 1044 - 14*d**3 + 1044. Calculate n(1).
3
Let q(f) = f - 6. Let b = 49 - 54. Let v be (-1 - (b + 3)) + -1. Determine q(v).
-6
Suppose 5*y = 4*t - 18, 0*t + 4*t - y - 10 = 0. Let o(x) = t + x + 2*x**3 + 5*x**3 - 3*x**2 - 8*x**3. What is o(-2)?
-4
Let x(w) = -12*w**2 + 1. Suppose -2*s = 5*c + 177, -2*s = 2 - 0. Let n be 7/c + (-12)/15. Give x(n).
-11
Let r = 38 + -39. Let a(x) = -x**3 - 6*x**2 + 6. Let m(h) = 10*h**3 + 65*h**2 - 65. Let q(d) = 65*a(d) + 6*m(d). Determine q(r).
5
Let g(x) be the first derivative of 11*x + 1/2*x**2 + 30. What is g(0)?
11
Let x(h) be the second derivative of -1/12*h**4 + 0*h**3 + 14*h + 0 + 0*h**2. Determine x(-1).
-1
Let j(c) be the third derivative of 1/120*c**6 - 14*c**2 - 1/12*c**5 + 4/3*c**3 + 0 + 0*c - 7/24*c**4. What is j(6)?
2
Let q(i) = 6*i**2 + 44*i + 198. Let t be q(-5). Let j(y) = -y**3 - 3*y**2 - 3*y. Let l be j(-2). Let r(z) = -131 + 5*z - z**3 + t - l*z - z**2. What is r(2)?
-9
Let q(l) = -13 + 26 - 16 + 2*l + l**2. What is q(4)?
21
Let o(l) = -3*l**2 - 6*l - 5. Let m(u) = u**2 + 4*u + 4. Let n(x) = -4*m(x) - 3*o(x). Calculate n(-2).
15
Let h = 222 - 226. Let j(b) = b - 1. What is j(h)?
-5
Let s(a) = 2*a - 1. Let p(n) = -n + 9. Let x(c) = c - 14. Let q(z) = -8*p(z) - 5*x(z). Suppose -6*b = -b - 20. Let v(d) = b*s(d) - 3*q(d). Determine v(6).
-4
Let l = 6 - 5. Let i(g) = -g + 3267*g**3 + g**2 + 3273*g**3 - 6542*g**3. What is i(l)?
-2
Let p(t) = 7*t + 2. Let b(u) = 2*u**2 - 41*u + 25. Let k be b(20). Let g(q) = -11*q - 3. Let i(m) = k*g(m) + 8*p(m). Suppose -6*a + 5*a = 4. What is i(a)?
-3
Let h = -58 + 60. Let n(u) = -3*u**2 - 3*u + u**2 + 8*u + 3 + u**h. Let v(i) = -i**2 + 6*i + 6. Let c be v(6). Give n(c).
-3
Let q(a) = a**2 - 2*a + 4. Suppose -2*r + 7*r - 2*k - 11 = 0, 2*k - 7 = -r. Calculate q(r).
7
Suppose -3 = 2*y + y. Let o(c) be the first derivative of 9*c**5/20 + c**4/12 + c**3/6 - 10*c - 6. Let d(i) be the first derivative of o(i). Give d(y).
-9
Let q(j) be the third derivative of 20*j**2 + 1/8*j**4 - 1/3*j**3 + 0*j + 1/20*j**5 - 1/120*j**6 + 0. Calculate q(2).
8
Let s(b) = -6*b**3 + 2*b + 1. Let j(y) = -y + 1. Let i be j(-1). Suppose 1 = p - i. Suppose p*x = 1 - 4. What is s(x)?
5
Let q = -197 + 197. Let o(r) be the third derivative of -5*r**2 + 2/3*r**3 - 1/24*r**4 + q*r + 0. Calculate o(6).
-2
Let h = -11663/12 - -972. Let s(b) be the second derivative of -11*b + 1/6*b**3 + 0 + 1/2*b**2 - h*b**4. What is s(3)?
-5
Suppose -j + c = -c + 8, -c - 8 = j. Let h = j + 12. Let y(q) = -q**2 + 3*q - 2. Calculate y(h).
-6
Let o(n) = -2*n + 7. Let q(k) = 8*k**3 - 7*k**2 + 6*k. Let v be q(1). Calculate o(v).
-7
Let h(i) = -i**2 + i - 7. Let z(u) = u**2 - 2. Let t be z(2). Suppose -s + 1 = 0, -s = -t*o + o - 1. Let v be -7 + 3 + 4 + o. Calculate h(v).
-7
Let m(o) = -11*o**2 + 2*o + 1. Suppose 0 = -5*l + 3*d + 12, -l = -5*d - 2 + 4. Suppose -v + 14 = 3*t, -v + 4*t - l = 18. Calculate m(v).
-12
Let a(h) be the second derivative of -h**5/10 + h**4/3 - 5*h**3/6 + 3*h**2/2 - 6*h. What is a(2)?
-7
Let h(p) = 4*p - 18. Let n(u) = 2*u**3 + 29*u**2 + 14*u + 9. Let t be n(-14). Calculate h(t).
18
Suppose 0 = -3*n - 145 - 26. Let h = n + 53. Let t(y) = -4 + 4*y**2 + y**3 + 3 + 5. What is t(h)?
4
Let o be (3 - 3) + (-60)/(-5). Suppose -5*h + o = -h. Let y(j) = -2*j**2 + 4*j - 1. Determine y(h).
-7
Suppose 3*a - 15 = 3*m, -a + 7 = -2*m - 3. Let g(r) = -4*r. What is g(m)?
20
Let s(v) be the third derivative of -v**5/60 + v**4/12 - v**3/3 - v**2. Let d(g) = -g - 4. Let o = 71 - 77. Let h be d(o). Calculate s(h).
-2
Let z(k) = 16*k - 17. Let r(f) = -14*f + 15. Let s(p) = 5*r(p) + 4*z(p). Give s(7).
-35
Let v(k) = -2*k**2 + 7*k - 4. Let s be 2/(-1) + (-25 - -31). Give v(s).
-8
Let j(v) = -v**2 + 5*v + 4. Let z be (-10 + -62)/((-2)/(-4)). Let m = -139 - z. Calculate j(m).
4
Let f(i) be the third derivative of -i**6/120 - i**5/20 + i**4/24 + 5*i**3/6 - i**2 - 581*i. Calculate f(-3).
2
Let b = 271 + -263. Let d(m) = -m**2 + 7*m - 5. Determine d(b).
-13
Let z(g) = -5*g - 13. Let y = -415 - -411. Give z(y).
7
Let v(r) = 15*r**3 - 2*r**2 + r. Suppose -15 = -3*o - 2*d, o = -5*d - 0*d + 5. Suppose 2*g + 10 = 6*g - o*w, 3*w = -4*g - 6. Suppose g*z - 1 = -z. Give v(z).
14
Let v be ((-11)/(-4))/((-2)/8). Let t(q) = -q**2 - 12*q - 13. Let s be t(v). Let d(f) be the second derivative of -4*f**3/3 + f**2 - 14*f. Determine d(s).
18
Let r = 30 + -24. Let o be (2 + 1 + -2)*7. Let h(g) = 6*g + 4*g - g**2 - 2*g + 0 - o. What is h(r)?
5
Let n be 15 + -19 - (1 + -17). Suppose -212*j = -214*j + n. Let m(a) = a**2 - 7*a + 2. Give m(j).
-4
Let r(n) = -n**2 + 8*n - 7. Suppose 0 = -46*b + 18*b + 196. Determine r(b).
0
Let a(c) = -c + 1. Let r(u) = u + 9. Let l be r(-9). Let q = -2 + l. Give a(q).
3
Let v(g) be the second derivative of -g**4/12 + 7*g**3/6 - g**2/2 - g. Let p(c) = 4 + 6*c**2 - 3 - 3 + c**3 + 7. Let j be p(-6). What is v(j)?
9
Let b(y) = -y**2 - 4*y - 4. Let a be (0/2)/(14 - 12). Suppose -2*o - 10 = a, -2*w - 3*o - 5 = -2*o. Suppose 4*u + w*u = -12. Give b(u).
-1
Let s(k) = -1. Let p(m) = -3*m + 0 + 0*m + 7. Let u be (-16)/24*6*(-1)/(-4). Let v(d) = u*p(d) - 6*s(d). Determine v(5).
14
Let i(s) = -2*s**2 - 4*s - 4. Let y be (-12 + 6 - -3)/1. What is i(y)?
-10
Let r(q) = 2*q + 4. Suppose -55 + 31 = 8*h. What is r(h)?
-2
Let b(d) = -3 + 12*d - 2 + d**2 + 0*d**2. Suppose 0*l - 34 = 2*l - 5*k, 4*l - k = -50. Determine b(l).
-5
Suppose 28*j = 13*j - 30. Let b(m) = m - m - m - 2. Determine b(j).
0
Let k(z) = 2*z**2 + z - 2. Let d(b) = b + 1. Let n(l) = -4*d(l) - k(l). Let y be n(-3). Let v(q) = -q**3 - 6*q**2 - 6*q + 1. Calculate v(y).
6
Let o = -3 + 7. Suppose q = -o*s + 1, 0 = s - 5*q - 15 - 1. Let n(y) = 73 - 19 - 7*y**2 - 29 - 24. Determine n(s).
-6
Let o(g) = 8*g**3 - 13*g**2 - 16*g - 4. Let k(n) = 7*n**3 - 12*n**2 - 14*n - 4. Let v(j) = 7*k(j) - 6*o(j). What is v(7)?
31
Suppose 2*c - 7 = 7. Suppose -2*b - 3 - c = 0. Let l(h) = -2. Let r(s) = s + 1. Let j(t) = -2*l(t) + 2*r(t). Determine j(b).
-4
Let p(d) = -d**2 - 10*d + 2. Let i be p(-8). Let a be -3*(-2)/i*3. Let r(k) = 6*k - 1. What is r(a)?
5
Suppose 30*o = 77*o + 705. Let u(w) = w**3 + 14*w**2 - 17*w + 14. Give u(o).
44
Let l(h) = h**3 + 5*h**2 + h. Let v be l(-5). Let d = 29 - 27. Let j(g) = 24*g + 2*g**2 + 0 - g**3 - 25*g - 7*g**d + 5. Determine j(v).
10
Let a(z) = z**3 + z**2 + 1. Let i be 4 - 6 - (-12 - -2). Let x = i + -2. Suppose -4*q = 2*s + 8, 4 = 2*s - 5*q - x. Give a(s).
1
Let s(r) be the second derivative of -r**3/3 + 3*r**2/2 - 32*r - 1. Suppose 2*g + c = -c + 4, 0 = 3*g - 3*c - 12. Determine s(g).
-3
Let u(j) = j**2 - j - 1. Let x(i) = 3*i**2 - 21*i - 20. Let s be x(8). Determine u(s).
11
Let n(i) = 6*i - 769 - 14*i + 768. Suppose 3*j - 3 = 3. Suppose -a = -3*a - j. What is n(a)?
7
Let b(w) = -22*w + 14*w + 2 + 2 - 3. What is b(1)?
-7
Let l(b) = 10*b**3 + 4*b - 28. Let w = 10 - 3. Let a(q) = 3*q**3 + q - 9. Let p(r) = w*a(r) - 2*l(r). Suppose -2*y = y. What is p(y)?
-7
Let q(o) be the third derivative of -o**5/20 + o**4/2 + o**3/3 + 15*o**2 + o. Give q(5).
-13
Suppose 1 = -n + 5. Suppose 2*u + 3*z = -z + 36, -68 = -n*u - 4*z. Suppose -4*l + 0 = u. Let a(s) = 2*s**2 + 4*s - 4. Calculate a(l).
12
Let o(v) = 23 - 38 + 3*v + 48. What is o(-13)?
-6
Let z(x) = x**2 + 4*x - 2. Let g be (-2)/4*(-2 - 4). Let y(d) = -4*d**2 + 0*d**2 + 2 - g. Let w be y(1). Calculate z(w).
3
Let s = 30 - 31. Let b(v) = -234*v**2 + 465*v**2 - 226*v**2 - 1. Calculate b(s).
4
Let a(o) = -o**3 - 10*o**2 + 13*o - 5. Let b = 1291 + -1302. Calculate a(b).
-27
Let n be -45 - (-3 + 16/4). Let s = n - -41. Let t(z) = -2*z + 7. Give t(s).
17
Let p be (7 + 75/(-10))*(-5 + -1). Let l(m) be the first derivative of -m**4/4 + 2*m**3/3 + m**2/2 + m + 2. Calculate l(p).
-5
Let b(l) = -l**2 - 4*l + 8. Let s = -121 + 125. Let r be 0 + -3 - s/1. Determine b(r).
-13
Suppose -15*s + 13*s - 12 = 0. Let t(d) = 20*d**3 - 24*d**2 + 17*d + 32. Let j(m) = -7*m**3 + 8*m**2 - 6*m - 11. Let k(a) = s*t(a) - 17*j(a). What is k(8)?
-5
Let i be 6/8*120/45 + 0. Let l(p) = -2*p**2 + 5*p - 3. Determine l(i).
-1
Suppose -5*g + 4*o = 317 + 663, 2*g + o = -405. Let q be (-4)/5*g/16. Let v(x) = x - 14. What is v(q)?
-4
